, -4*y + u + 3 = 0. Let m be (10 + -1)/(-1)*y. Let c(t) = -t**2 - 10*t + 4. What is the tens digit of c(m)?
1
Let j(a) be the second derivative of -a**4/12 - 5*a**3/6 + 3*a**2 - a. Let h be j(-5). Suppose -h = -k + 4. What is the tens digit of k?
1
Let u = -323 + 514. What is the tens digit of u?
9
Suppose -2*o + 3*o - 24 = -4*y, -4*o + 4*y = 4. Suppose -3*t + o*w + 3 - 10 = 0, -4*t + 28 = 4*w. What is the units digit of t?
3
Let z(q) = q**2 - 4*q - 3. Let p be z(5). Suppose p*a + 2*u = -2*a + 8, 1 = -3*a - 5*u. What is the units digit of a?
3
Let v(r) = -2 + 3 + 1 - r - 3*r. What is the tens digit of v(-3)?
1
Suppose -3*f = -3*p + 54, 6*p = 4*p - 2*f + 40. What is the tens digit of p?
1
Let x be (2/4)/(2/(-8)). Let s(u) = -u**3 - u**2 + 3*u + 3. Let n be s(x). Suppose -n = -d + 10. What is the units digit of d?
1
Let s(z) = 3*z**2 - z. Let y be s(1). What is the units digit of (-1)/y*8/(-1)?
4
Suppose 0*s = 5*m - 2*s - 103, -4*s = 5*m - 79. What is the tens digit of m?
1
Suppose -31*o = -36*o + 715. What is the tens digit of o?
4
Suppose 3*h + 3*m = 0, 0*m - 3*m = 2*h + 1. Let x be -1 + -1 - (-7 - h). Let o(y) = 2*y - 3. What is the units digit of o(x)?
9
Let m(i) = -3 + 0*i - 2*i + i + 1. Let r be m(0). What is the units digit of 8/((r*1)/(-2))?
8
Let h = 105 + 24. What is the tens digit of h?
2
Suppose 43 - 256 = -3*k - 3*m, 189 = 3*k - 5*m. What is the tens digit of k?
6
Let p be (1 - 1) + (-35 - 5). What is the tens digit of (-126)/(-10) - 16/p?
1
What is the units digit of 8628/54 - (-2)/9?
0
Let z = 121 - 72. Let s = -22 + z. What is the units digit of s?
7
Let o(a) = -20*a + 1. Let c = -4 + 3. Let b be o(c). Let g = -8 + b. What is the units digit of g?
3
Let b(c) = 3 - c**2 + 3*c**2 + 2*c**3 - 3*c**2 - 4*c. Let m be 2/(-13) - (-84)/39. What is the units digit of b(m)?
7
Let w(v) = v**3 - 8*v**2 - 8*v - 9. Suppose -45 = -7*d + 2*d. Let y be w(d). Suppose y = 4*s - 86 + 18. What is the units digit of s?
7
Suppose -5*o + 8 + 37 = -5*l, 0 = -2*l - o - 3. Let k(g) = g**3 + 4*g**2 - 2*g. Let m be k(l). Suppose -5*v + 22 = -m. What is the units digit of v?
6
Let s(u) = -u**2 - 8*u + 11. Let y be s(-9). Let a be 118/3 - y/(-3). What is the units digit of 3/(6/a) - -1?
1
Suppose 3*o - 153 = -3*u, -4*u - o = 4*o - 199. What is the units digit of u?
6
Let d(f) = f**3 + 3*f**2 + 2. Let l be d(-3). Suppose l = 3*a + 11, 3*k = 5*a - 33. What is the tens digit of (27/(-4))/(6/k)?
1
Let z be (-2)/(-6) - 714/(-18). Let q = -27 + z. Suppose 23 = 3*i - q. What is the tens digit of i?
1
Let s be (-1)/(-3) + 1/(-3). Suppose -3*w + s*w + 21 = 0. What is the units digit of w?
7
Let s = 294 + -191. What is the tens digit of s?
0
Suppose -b + 2*w = -145, 5*b + 2*w = 4*w + 765. What is the hundreds digit of b?
1
Let x be (-2)/3 - (-2)/(-6). Let k(l) = -11*l - 1. What is the units digit of k(x)?
0
Suppose -3*w - 2*w + 250 = 0. What is the tens digit of w?
5
Let l(j) be the first derivative of j**4/12 + j**3/6 - 2*j**2 - 4*j + 1. Let v(s) be the first derivative of l(s). What is the units digit of v(-4)?
8
Let k be 4/10 - (-22)/(-5). Let x = k - -6. Suppose 0*p + x*p = 16. What is the units digit of p?
8
Let k(v) = v + 2. Suppose s - 5 = -0*s. What is the units digit of k(s)?
7
Let q = 82 + -21. What is the tens digit of q?
6
Let p(g) = g - 5. Let o be p(5). Let h be ((-1)/2)/((-1)/(-2)). What is the units digit of 1/h*-7 - o?
7
Suppose -q = -4*b - 14, -q + 0*q + 8 = -2*b. Let h = q + -1. What is the units digit of (-3 - h)*4/(-2)?
8
Suppose -38 = h + 4*c, -h - 5*c = -2*c + 37. Let u(i) = 6*i**3 + 1. Let v be u(-1). What is the units digit of (v + 2)/(6/h)?
7
Suppose m = -d + 4, 5*d - 25 = m + 1. Let t(l) = 0 + 5*l**2 - l**2 - 1 - 2*l + d*l**2. What is the tens digit of t(-1)?
1
Let j = 25 - 13. Suppose -2*g - j = 2*g. Let m(s) = s**3 + 5*s**2 + 3*s - 4. What is the units digit of m(g)?
5
Suppose 3*l = x - 1, 5*l = -x - 4*x + 25. Suppose 2*n - 10 = 4*h, -l = -0*h - h. What is the units digit of n?
7
Let z = -5 - -9. Suppose -4*m + 0*d + 2*d + 10 = 0, 4 = -2*m + z*d. What is the units digit of m?
4
Suppose s + 5*y = -33 - 11, 3*s = 4*y - 170. Let l = -32 - s. Let b = l - 14. What is the units digit of b?
8
Let w = -2 + 7. Suppose -j - 2 = -w. Suppose j = 4*x - 3*q, 0*x + x - 15 = -4*q. What is the units digit of x?
3
Let y(u) be the third derivative of u**5/60 + u**4/24 - u**3/6 - 10*u**2. Let h(x) = x**2 + 5*x + 2. Let t be h(-4). What is the units digit of y(t)?
1
Suppose v - 2*n = 9, 0 = v + v + 4*n - 34. What is the tens digit of v?
1
Suppose -4*m + 2*m - 2 = 2*y, 5*y - 7 = -m. Suppose o + y = 4. Suppose o*g - q - 9 = g, -5*g + 4*q = -42. What is the units digit of g?
6
Let r be (-1)/((-2)/6*1). What is the units digit of r/(-6)*(-35 + -3)?
9
Let j(h) = h**2 + 7*h - 7. What is the tens digit of j(-12)?
5
Let a(r) = -4*r**2 - 41*r - 27. Let g(x) = x**2 + 10*x + 8. Let v(u) = 1. Let f(b) = g(b) - v(b). Let d(o) = -2*a(o) - 9*f(o). What is the units digit of d(-6)?
3
Suppose 15 = 6*l - l. Suppose -5*d = -l*d. Suppose 0 = -d*k + 4*k - 24. What is the units digit of k?
6
Let d = -72 - -127. What is the tens digit of d?
5
What is the hundreds digit of 1209/6 - 4*(-3)/(-8)?
2
Suppose -1517 + 161 = -6*h. What is the hundreds digit of h?
2
Suppose -3*c = 5*y - 880, 10*c - 4*y = 6*c + 1216. What is the hundreds digit of c?
3
Suppose -2*i + 8 + 32 = 0. Suppose -5*v + i = -5, -4*v = -2*c + 24. What is the units digit of c?
2
Let k = -74 + 186. What is the tens digit of k?
1
Suppose -4*p + 5*s = -57, -4*s + 51 + 33 = 4*p. Let n = p - 10. What is the units digit of n?
8
What is the units digit of 3*(-4)/24*-218?
9
Let g = 3 + -1. Suppose -c + 6*c = -g*z, c + 5*z = 0. Suppose c = 3*i - 7*i + 28. What is the units digit of i?
7
Suppose 3*l + 9 = m, 0*l + 5*m - 13 = -l. What is the tens digit of (-9)/(l - 1) + 36?
3
Let t be (-10 + 10)*2/(-4). Suppose t - 3 = -3*z. What is the units digit of z?
1
Let g(t) = -4*t - 1. Suppose -2*d - 2 - 4 = 0. What is the units digit of g(d)?
1
Let m = -1 - -3. Suppose 8 = -2*v - m*v. What is the units digit of ((3*-6)/3)/v?
3
Suppose -4*x - 28 = 4*q - 4, 4*x + 10 = 3*q. Let y be q/11 - (-4)/22. Suppose 5*o - 7 + 2 = y. What is the units digit of o?
1
Suppose -3*d = -j - 281, -j - 3*j = d - 98. What is the units digit of d?
4
Suppose 3*v - 4*v = 49. Let y = -31 - v. What is the tens digit of y?
1
Suppose 4*v - 47 = -4*t - v, -2*v - 10 = 0. What is the units digit of t?
8
Suppose -198 = 5*r + 4*k - 731, 4*k = -4*r + 424. Suppose -3*x - 3*u + 50 + 19 = 0, 5*x = -3*u + r. What is the units digit of x?
0
Let m = 78 - 45. What is the units digit of m?
3
Let z(h) = -h**3 - 2*h**2 + 6*h + 7. What is the units digit of z(-5)?
2
Suppose -4*n - 3 = -n. Let v = n + -2. What is the units digit of (15/(-10))/(v/16)?
8
Let s = 55 - 51. Suppose -3*n - 5*g = -174, -2*g = 4*n + g - 243. Suppose 25 = -x + 3*x - 5*w, -3*w + n = s*x. What is the tens digit of x?
1
Let j(t) = -t**3 - 6*t**2 + 2. Let v be j(-6). Suppose v*z = 3*z + 2, -5*z = 5*k - 5. What is the units digit of k?
3
Suppose 2*d + 2 = 3*d. Let h = 9 - d. What is the units digit of h?
7
Let h(x) = x**3 + 3*x - 4*x + 8*x**2 - 14*x**2 + 7. What is the units digit of h(6)?
1
Let k(h) = -h**3 + 6*h**2 - 4*h + 1. Let r be k(5). Let u = r + 27. What is the units digit of u?
3
Suppose 0*b - 18 = -3*b. Let u(f) = 2*f - 5. Let q be u(b). Let w = -4 + q. What is the units digit of w?
3
Let k(j) = 2*j - 2. Let p be k(-2). Let w = p - -12. What is the units digit of w?
6
Suppose 2*l - 4 = -4*u + 8, -2*l = -u + 3. Suppose u*k = 4*k. Suppose k*y - 1 = -y. What is the units digit of y?
1
Let z be 14/3 + 5/15. Suppose -4 = q - z*q. Suppose 0 = t - q. What is the units digit of t?
1
Let d = -3 - -2. Let h(s) = -8*s**3 + 2*s**2 + s + 6. Let t(u) = 1. Let i(o) = h(o) - 6*t(o). What is the units digit of i(d)?
9
Suppose -2*r = -0*t - 3*t + 190, 2*r = t - 182. Let j = r + 144. Suppose -4*g + j = 3*a, -40 = -2*g + a - 5*a. What is the units digit of g?
0
Suppose -3*h = -2*h + 3*c - 3, -5*h - 3*c = 9. Let v be (-11)/(-1)*(1 - h). Suppose 0 = -3*j + v - 14. What is the units digit of j?
0
What is the units digit of (25 - -1)/((-4)/(-8))?
2
Suppose 4*p = 50 + 122. Suppose -3*f + 0*f - i + 31 = 0, p = 4*f + i. What is the